{"id":16,"date":"2022-06-15T22:36:28","date_gmt":"2022-06-15T20:36:28","guid":{"rendered":"https:\/\/www.prix-lyceen-ses.fr\/?page_id=16"},"modified":"2025-09-05T00:02:31","modified_gmt":"2025-09-04T22:02:31","slug":"nous-contacter","status":"publish","type":"page","link":"https:\/\/www.prix-lyceen-ses.fr\/index.php\/nous-contacter\/","title":{"rendered":"Nous contacter"},"content":{"rendered":"\n<p class=\"has-medium-font-size\">Pour tout renseignement sur le prix&#8230;<\/p>\n\n\n\n<p class=\"has-text-align-center\"><strong>Responsables du prix (renseignements, inscriptions)<\/strong> : <\/p>\n\n\n\n<p class=\"has-text-align-center\"><strong> Fabien Meynier<\/strong><br>Lyc\u00e9e Jules Froment<br>Aubenas<br>Acad\u00e9mie de Grenoble<\/p>\n\n\n\n<div class=\"wp-block-group is-layout-flow wp-block-group-is-layout-flow\">\n<p class=\"has-text-align-center\"><strong>Fr\u00e9d\u00e9ric DESMEDT<\/strong>,\u00a0<strong>professeur de SES<\/strong><br>lyc\u00e9e Viollet Leduc<br>78640 Villiers-Saint-Fr\u00e9d\u00e9ric<\/p>\n\n\n\n<p class=\"has-text-align-center\">Email\u00a0: prixlectureses@gmail.com\u00a0<\/p>\n<\/div>\n","protected":false},"excerpt":{"rendered":"<p>Pour tout renseignement sur le prix&#8230; Responsables du prix (renseignements, inscriptions) : Fabien MeynierLyc\u00e9e Jules FromentAubenasAcad\u00e9mie de Grenoble Fr\u00e9d\u00e9ric DESMEDT,\u00a0professeur de SESlyc\u00e9e Viollet Leduc78640 Villiers-Saint-Fr\u00e9d\u00e9ric [&#8230;]<\/p>\n","protected":false},"author":1,"featured_media":0,"parent":0,"menu_order":0,"comment_status":"closed","ping_status":"closed","template":"","meta":{"footnotes":""},"class_list":["post-16","page","type-page","status-publish","hentry"],"_links":{"self":[{"href":"https:\/\/www.prix-lyceen-ses.fr\/index.php\/wp-json\/wp\/v2\/pages\/16","targetHints":{"allow":["GET"]}}],"collection":[{"href":"https:\/\/www.prix-lyceen-ses.fr\/index.php\/wp-json\/wp\/v2\/pages"}],"about":[{"href":"https:\/\/www.prix-lyceen-ses.fr\/index.php\/wp-json\/wp\/v2\/types\/page"}],"author":[{"embeddable":true,"href":"https:\/\/www.prix-lyceen-ses.fr\/index.php\/wp-json\/wp\/v2\/users\/1"}],"replies":[{"embeddable":true,"href":"https:\/\/www.prix-lyceen-ses.fr\/index.php\/wp-json\/wp\/v2\/comments?post=16"}],"version-history":[{"count":3,"href":"https:\/\/www.prix-lyceen-ses.fr\/index.php\/wp-json\/wp\/v2\/pages\/16\/revisions"}],"predecessor-version":[{"id":416,"href":"https:\/\/www.prix-lyceen-ses.fr\/index.php\/wp-json\/wp\/v2\/pages\/16\/revisions\/416"}],"wp:attachment":[{"href":"https:\/\/www.prix-lyceen-ses.fr\/index.php\/wp-json\/wp\/v2\/media?parent=16"}],"curies":[{"name":"wp","href":"https:\/\/api.w.org\/{rel}","templated":true}]}}